r of i and 5?
5
Let i be 9*(0 - (-24)/9). Let u be (3/(-6))/(3/i). Let a be 7 + u + (5 - -1). What is the greatest common factor of 81 and a?
9
Let a(n) = n**3 + 15*n**2 - 7*n - 69. Let j be a(-15). Calculate the greatest common divisor of 20 and j.
4
Let s be ((-4)/(-5))/(13/2340). Suppose 4*c - 75 = f - 0*f, -c = -3*f - 27. Calculate the greatest common factor of c and s.
18
Let w = 259 - 211. What is the highest common factor of w and 112?
16
Let d(i) = 4*i**2 + 5*i - 4. Let n be d(-4). Let g = -29 + n. What is the highest common factor of g and 11?
11
Let m = 478 - 452. What is the greatest common factor of 52 and m?
26
Suppose -p = -11*p + 20. What is the highest common factor of 82 and p?
2
Let q be (-34)/153 + 30784/18. Calculate the highest common factor of q and 90.
90
Suppose -351 = 66*z - 69*z. Calculate the highest common divisor of z and 9.
9
Let s = 11037 - 11034. Suppose -4*z = -5 - 7. Calculate the greatest common divisor of z and s.
3
Suppose 9*h = 4*h + 375. Suppose v = -4*v + h. Let n = -815 + 980. Calculate the greatest common factor of n and v.
15
Suppose 0 = -5*f + 2 + 68. What is the greatest common divisor of 350 and f?
14
Let u(s) = 3*s - 18. Let j be u(10). Let f(q) = -14*q - 22. Let z be f(-5). What is the greatest common divisor of z and j?
12
Let r = 351 - 275. Calculate the greatest common factor of 4 and r.
4
Let i be 2 - (-2342)/10 - (-17)/(-85). Calculate the greatest common divisor of i and 59.
59
Suppose 3*r + 198 = 12. Let n = r + 90. Calculate the highest common factor of 42 and n.
14
Suppose 101*i - 94*i = 7. Let s be (-19)/(-5) - (-6)/30. Suppose -s = -2*d + 2. What is the greatest common divisor of i and d?
1
Let r be (2 - (3 - 3))*(45 - -6). Let s = r - 76. Calculate the highest common divisor of 39 and s.
13
Suppose 28 = 4*o + 2*p, -p + 18 = -61*o + 64*o. Let g = -1 + 1. Let c(b) = -b**3 + b + 36. Let r be c(g). What is the highest common factor of r and o?
4
Suppose 0*c - 5*j + 12 = -4*c, 10 = -5*c + 5*j. Let z be (-26)/c*(-4 - 0)/4. Calculate the highest common divisor of 39 and z.
13
Suppose -3*l + 89 = -4*r, 54 = 3*l + 2*r - 5. Calculate the highest common divisor of l and 23.
23
Suppose 2*v = -3*h + 67, -185 = -4*v - v - 4*h. Let z = v - -4. What is the greatest common divisor of 18 and z?
9
Let j(z) = -z**3 + 20*z**2 - 40*z + 79. Let f be j(18). What is the greatest common divisor of f and 189?
7
Let t(c) = -3*c - 16. Let k be t(-10). Suppose -k*w = -9*w - 425. Let q be 28 + 5 - (-1 + 0). Calculate the greatest common factor of w and q.
17
Let n(t) = 2*t**2 + 29*t - 38. Let l be n(-16). Let f be -14 + (1 - (-1)/(-1)). Let d be (-416)/f - (-4)/14. What is the highest common divisor of l and d?
10
Let r = 1345 + -1327. Calculate the greatest common factor of 504 and r.
18
Suppose -5*t - 23*v + 20*v + 318 = 0, 4*t = -2*v + 252. Let i be 0/2 - -50*3. What is the greatest common divisor of t and i?
30
Suppose 0 = -7*g + 18*g - 2266. What is the greatest common factor of 515 and g?
103
Let v(r) = -4*r**2 + 53*r + 19. Let f be v(13). What is the highest common factor of f and 2?
2
Suppose -4*z + 2*r + 3*r + 18 = 0, 0 = 4*z + 5*r + 2. Suppose -z*c = 4 - 6. Let q be 89 - (1 - c - 1). What is the greatest common divisor of q and 9?
9
Suppose 28 = h + 2*v, -3*h - 3*v - 28 = -109. Calculate the highest common factor of h and 6.
2
Suppose 2*l + 22 = 20. Let s = l + 3. Suppose 14 = -0*f + s*f. What is the highest common divisor of 56 and f?
7
Let b(u) = -32*u + 2. Let s be b(-3). Suppose 56 = 12*r - 8*r. What is the highest common divisor of r and s?
14
Let w(m) = -m**3 + m**2 + m - 100. Let j be w(0). Let d be (8/(-5))/(2/j). Calculate the greatest common factor of d and 16.
16
Suppose -2*a + 162 = c - 5*a, 4*c - 683 = 5*a. What is the greatest common factor of 1003 and c?
59
Let b(s) = s**3 - 6*s**2 + 5*s - 4. Let d be b(5). Let i be (-1)/(d - 95/(-25)). What is the greatest common divisor of 1 and i?
1
Let c(g) = -9*g - 5. Let v be c(5). Let p = v - -75. Suppose -5*d + 2*b - 43 = -123, 5*b = p. What is the greatest common factor of 6 and d?
6
Let v = 103 + -98. Calculate the greatest common divisor of v and 45.
5
Suppose -4*k - 407 + 133 = -5*p, -3*k = -3*p + 165. Let t be (0 + p/12)*10. Calculate the greatest common factor of 5 and t.
5
Let d(y) = -y + 44. Let f be d(10). What is the greatest common divisor of f and 187?
17
Let h = 1 - -71. Let l = 10 + -6. Suppose -t = -l*t - 2*y + 26, 0 = 2*t + 4*y - 20. Calculate the highest common factor of h and t.
8
Suppose 3*j - y - 51 = 0, 5*j - 108 = 3*y - 19. Let i be ((-24)/(-5))/((-1)/(-5)). Calculate the greatest common divisor of j and i.
8
Let s(t) = 8*t + 6. Let g be s(2). Let v(n) = n**3 + n + 155. Let x be v(0). Let i = x + -111. Calculate the highest common factor of i and g.
22
Let l(i) = -i**3 - i**2 + 75. Let v be l(0). Suppose -15 = -6*r + 5*r. What is the greatest common divisor of r and v?
15
Suppose 3*i + 250 = 5*h - 2*i, -h = i - 58. Calculate the highest common divisor of h and 486.
54
Let w(n) = 3*n - 5. Let f be w(8). Let d = 1757 - 1548. Calculate the highest common factor of f and d.
19
Let a = -1322 - -1916. Calculate the greatest common divisor of a and 54.
54
Suppose -4*f + 528 = 4*b - 392, -2*b + 2*f = -476. Let a = 47 - 21. What is the greatest common divisor of b and a?
26
Let z = 27 - 27. Let k be (0 + 3 - z) + 49. What is the highest common divisor of k and 78?
26
Let g be (2/4)/(5/90). Suppose 4*o + 14 = -n, 30 = 5*n + 4*o - g*o. Suppose -3*p = n*p - 90. What is the highest common factor of p and 54?
18
Suppose -210 = -4*y - 5*k + 410, k = -y + 154. What is the highest common factor of 90 and y?
30
Suppose -631 = -16*c + 569. What is the highest common factor of c and 10?
5
Suppose 3*h - 5*i - 6423 = 0, -4*h + h - i + 6405 = 0. Calculate the highest common factor of 24 and h.
24
Let g(z) = 6*z**2 + 14*z + 1. Let h(p) = -5*p**2 - 14*p. Let k(d) = 5*g(d) + 4*h(d). Let a be k(-3). What is the greatest common factor of a and 424?
53
Suppose -4*n = -5*r + r + 800, 0 = -r + 2*n + 197. Suppose 0 = v + 270*a - 272*a - 35, 2*v + 3*a - 49 = 0. Calculate the highest common divisor of r and v.
29
Let w be 20/(-25)*425/(-10) + 5. Calculate the highest common divisor of 559 and w.
13
Suppose -1084 = -45*f + 1121. Calculate the highest common factor of 392 and f.
49
Let w = 484 + -297. Calculate the highest common factor of w and 51.
17
Let i(v) = v**2 - 59*v + 100. Let r be i(58). Calculate the highest common divisor of r and 28.
14
Suppose 4*q - 2 - 10 = 0. Let x(y) = 10*y - 7. Let n be x(q). Calculate the greatest common factor of n and 207.
23
Let f be ((-81)/(-2))/3 + 68/(-136). Let x = -1 + 1. Let y be (-2)/(-1 + x) - -89. What is the highest common factor of f and y?
13
Let m(s) = s**3 + 7*s**2 - 8*s - 6. Let b be m(-8). Let u = 1 - b. What is the highest common divisor of u and 35?
7
Suppose 163 = -2*a + 1587. What is the greatest common factor of a and 8?
8
Let x(d) = -d**3 + 10*d**2 + 3*d - 8. Let h be x(10). Let v(s) = 5*s + 23. Let b be v(h). Calculate the highest common factor of b and 19.
19
Let p(c) = -c**3 - 11*c**2 - 9*c + 26. Let n be p(-10). Calculate the greatest common factor of n and 64.
16
Let b = -13 - -23. Suppose 0 = -5*u - 3*m + 388, 0*u + m + 164 = 2*u. Suppose -4*d = -6*d + u. What is the highest common factor of d and b?
10
Let k(f) = f**3 + f**2 - 21*f + 11. Let y be k(9). Suppose 4*r - y = 340. What is the greatest common divisor of 27 and r?
27
Let s(z) = -210*z - 213. Let t be s(-4). What is the highest common divisor of t and 171?
57
Let f be 2 - -5 - (-298 + 9). What is the highest common factor of f and 8?
8
Suppose 4*t - j - 679 = 0, -5*t + 720 = 2*j - 132. Let s be t/8 + 3/(-12). Let c = s - 7. What is the highest common factor of 14 and c?
14
Suppose -6837 + 1146 = -q. Calculate the highest common divisor of q and 21.
21
Let h be 6/((-30)/(-25))*204/15. Calculate the highest common factor of 4 and h.
4
Let b(w) = 5*w + 26. Let n be b(6). Let k = -38 - -122. Calculate the greatest common divisor of k and n.
28
Suppose 38*m - 384 = -10*m - 16*m. Suppose 4*j + 86 = 2*w - 0*w, -3*w - 3*j + 111 = 0. What is the highest common divisor of w and m?
3
Suppose -93*s + 50 = -92*s. What is the greatest common facto